{"id":55,"date":"2023-10-23T17:53:30","date_gmt":"2023-10-23T17:53:30","guid":{"rendered":"https:\/\/jdnicolas.de\/fatcatswing\/?page_id=55"},"modified":"2023-11-23T19:56:27","modified_gmt":"2023-11-23T19:56:27","slug":"wer-wir-sind","status":"publish","type":"page","link":"https:\/\/jdnicolas.de\/fatcatswing\/index.php\/wer-wir-sind\/","title":{"rendered":"Wer wir sind"},"content":{"rendered":"\n<div class=\"wp-block-media-text alignwide is-stacked-on-mobile is-vertically-aligned-top is-image-fill\" style=\"padding-right:0;padding-left:0;grid-template-columns:30% auto\"><figure class=\"wp-block-media-text__media\" style=\"background-image:url(https:\/\/jdnicolas.de\/fatcatswing\/wp-content\/uploads\/2023\/11\/Natascha-Kopie-e1700509450697-1024x566.jpg);background-position:66% 37%\"><img loading=\"lazy\" decoding=\"async\" width=\"1024\" height=\"566\" src=\"https:\/\/jdnicolas.de\/fatcatswing\/wp-content\/uploads\/2023\/11\/Natascha-Kopie-e1700509450697-1024x566.jpg\" alt=\"\" class=\"wp-image-131 size-full\" srcset=\"https:\/\/jdnicolas.de\/fatcatswing\/wp-content\/uploads\/2023\/11\/Natascha-Kopie-e1700509450697-1024x566.jpg 1024w, https:\/\/jdnicolas.de\/fatcatswing\/wp-content\/uploads\/2023\/11\/Natascha-Kopie-e1700509450697-300x166.jpg 300w, https:\/\/jdnicolas.de\/fatcatswing\/wp-content\/uploads\/2023\/11\/Natascha-Kopie-e1700509450697-768x425.jpg 768w, https:\/\/jdnicolas.de\/fatcatswing\/wp-content\/uploads\/2023\/11\/Natascha-Kopie-e1700509450697-1536x850.jpg 1536w, https:\/\/jdnicolas.de\/fatcatswing\/wp-content\/uploads\/2023\/11\/Natascha-Kopie-e1700509450697.jpg 1871w\" sizes=\"auto, (max-width: 1024px) 100vw, 1024px\" \/><\/figure><div class=\"wp-block-media-text__content\">\n<div class=\"wp-block-group has-global-padding is-layout-constrained wp-container-core-group-is-layout-7e8551a0 wp-block-group-is-layout-constrained\" style=\"padding-top:var(--wp--preset--spacing--80);padding-right:0;padding-bottom:var(--wp--preset--spacing--80);padding-left:var(--wp--preset--spacing--70)\">\n<h2 class=\"wp-block-heading has-large-font-size\">Natascha<\/h2>\n\n\n\n<p>Swingmusik mochte ich schon immer, aber Lindy Hop hat mich erst mit Anfang 20 gecatcht &#8211; und dann nicht mehr losgelassen. Vor etwa 5 Jahren habe ich den Blues f\u00fcr mich entdeckt und daran eng\u00fcltig mein Herz verloren. Ich liebe das Tanzen als Art der Kommunikation zwischen Menschen und der Musik, ein Gespr\u00e4ch, das mal laut und scherzhaft, mal sanft und z\u00e4rtlich sein kann. An Lindy Hop und Blues sch\u00e4tze ich besonders, dass es nichts mit meinem Geschlecht zu tun hat, ob ich bei einem Tanz f\u00fchre oder folge!<\/p>\n\n\n\n<p><\/p>\n<\/div>\n<\/div><\/div>\n\n\n\n<div class=\"wp-block-media-text alignwide has-media-on-the-right is-stacked-on-mobile is-vertically-aligned-top is-image-fill\" style=\"padding-right:0;padding-left:0;grid-template-columns:auto 36%\"><div class=\"wp-block-media-text__content\">\n<div class=\"wp-block-group has-global-padding is-layout-constrained wp-container-core-group-is-layout-7e8551a0 wp-block-group-is-layout-constrained\" style=\"padding-top:var(--wp--preset--spacing--80);padding-right:0;padding-bottom:var(--wp--preset--spacing--80);padding-left:var(--wp--preset--spacing--70)\">\n<h2 class=\"wp-block-heading has-large-font-size\">Hannah<\/h2>\n\n\n\n<p>Meine Lindy Hop Reise begann 2016 in der beschaulichen Studentenstadt Dunedin in Neuseeland. W\u00e4hrend meines Auslandsemesters wollte ich etwas Neues ausprobieren und h\u00e4tte mir damals noch nicht ausmalen k\u00f6nnen, dass Lindy Hop ein gro\u00dfer Bestandteil meines Lebens werden w\u00fcrde. Zur\u00fcck in T\u00fcbingen gr\u00fcndete ich mit anderen Tanzbegeisterten die SwingZeit T\u00fcbingen e.V. und habe seither verschiedene Szenen in vielen europ\u00e4ischen L\u00e4ndern besucht. Was mich am Lindy Hop so begeistert, sind das Gemeinschaftsgef\u00fchl und der Ausdruck von Lebensfreude durch Bewegung. Egal, welche Sprache du sprichst, beim Tanzen kommunizierst du auf eine ganz andere Art und Weise.<\/p>\n\n\n\n<p><\/p>\n<\/div>\n<\/div><figure class=\"wp-block-media-text__media\" style=\"background-image:url(https:\/\/jdnicolas.de\/fatcatswing\/wp-content\/uploads\/2023\/11\/Bild_Lindy_2-1024x683.jpg);background-position:48% 48%\"><img loading=\"lazy\" decoding=\"async\" width=\"1024\" height=\"683\" src=\"https:\/\/jdnicolas.de\/fatcatswing\/wp-content\/uploads\/2023\/11\/Bild_Lindy_2-1024x683.jpg\" alt=\"\" class=\"wp-image-140 size-full\" srcset=\"https:\/\/jdnicolas.de\/fatcatswing\/wp-content\/uploads\/2023\/11\/Bild_Lindy_2-1024x683.jpg 1024w, https:\/\/jdnicolas.de\/fatcatswing\/wp-content\/uploads\/2023\/11\/Bild_Lindy_2-300x200.jpg 300w, https:\/\/jdnicolas.de\/fatcatswing\/wp-content\/uploads\/2023\/11\/Bild_Lindy_2-768x512.jpg 768w, https:\/\/jdnicolas.de\/fatcatswing\/wp-content\/uploads\/2023\/11\/Bild_Lindy_2-1536x1025.jpg 1536w, https:\/\/jdnicolas.de\/fatcatswing\/wp-content\/uploads\/2023\/11\/Bild_Lindy_2.jpg 2048w\" sizes=\"auto, (max-width: 1024px) 100vw, 1024px\" \/><\/figure><\/div>\n\n\n\n<div class=\"wp-block-media-text alignwide is-stacked-on-mobile is-vertically-aligned-top is-image-fill\" style=\"padding-right:0;padding-left:0;grid-template-columns:30% auto\"><figure class=\"wp-block-media-text__media\" style=\"background-image:url(https:\/\/jdnicolas.de\/fatcatswing\/wp-content\/uploads\/2023\/10\/bild_jazzlin.jpg);background-position:50% 50%\"><img loading=\"lazy\" decoding=\"async\" width=\"802\" height=\"1008\" src=\"https:\/\/jdnicolas.de\/fatcatswing\/wp-content\/uploads\/2023\/10\/bild_jazzlin.jpg\" alt=\"\" class=\"wp-image-12 size-full\" srcset=\"https:\/\/jdnicolas.de\/fatcatswing\/wp-content\/uploads\/2023\/10\/bild_jazzlin.jpg 802w, https:\/\/jdnicolas.de\/fatcatswing\/wp-content\/uploads\/2023\/10\/bild_jazzlin-239x300.jpg 239w, https:\/\/jdnicolas.de\/fatcatswing\/wp-content\/uploads\/2023\/10\/bild_jazzlin-768x965.jpg 768w\" sizes=\"auto, (max-width: 802px) 100vw, 802px\" \/><\/figure><div class=\"wp-block-media-text__content\">\n<div class=\"wp-block-group has-global-padding is-layout-constrained wp-container-core-group-is-layout-7e8551a0 wp-block-group-is-layout-constrained\" style=\"padding-top:var(--wp--preset--spacing--80);padding-right:0;padding-bottom:var(--wp--preset--spacing--80);padding-left:var(--wp--preset--spacing--70)\">\n<h2 class=\"wp-block-heading has-large-font-size\">Jan-David<\/h2>\n\n\n\n<p>Ich habe den Lindy Hop vor \u00fcber 10 Jahren in Schweden f\u00fcr mich entdeckt und mich vom &#8222;Lindy Fieber&#8220; sofort anstecken lassen. In G\u00f6ttingen konnte ich an diese ersten Lindy Hop-Impulse aus Schweden ankn\u00fcpfen und als einer der &#8222;Swinging Six&#8220; die <a href=\"https:\/\/www.swing-in-goettingen.de\">G\u00f6ttinger Swing Szene<\/a> mitbegr\u00fcnden und die ersten Jahre begleiten. Besonders hat es mir die gro\u00dfe Freiheit im Lindy Hop angetan, welche in meinen Augen am besten in dem Spruch &#8222;It&#8217;s not a mistake, it&#8217;s a variation&#8220; zum Ausdruck kommt.<\/p>\n\n\n\n<p class=\"has-extra-small-font-size\">Foto: Eric Bobrie f\u00fcr Swing in G\u00f6ttingen e.V.<\/p>\n<\/div>\n<\/div><\/div>\n","protected":false},"excerpt":{"rendered":"","protected":false},"author":2,"featured_media":0,"parent":0,"menu_order":0,"comment_status":"closed","ping_status":"closed","template":"","meta":{"footnotes":""},"class_list":["post-55","page","type-page","status-publish","hentry"],"_links":{"self":[{"href":"https:\/\/jdnicolas.de\/fatcatswing\/index.php\/wp-json\/wp\/v2\/pages\/55","targetHints":{"allow":["GET"]}}],"collection":[{"href":"https:\/\/jdnicolas.de\/fatcatswing\/index.php\/wp-json\/wp\/v2\/pages"}],"about":[{"href":"https:\/\/jdnicolas.de\/fatcatswing\/index.php\/wp-json\/wp\/v2\/types\/page"}],"author":[{"embeddable":true,"href":"https:\/\/jdnicolas.de\/fatcatswing\/index.php\/wp-json\/wp\/v2\/users\/2"}],"replies":[{"embeddable":true,"href":"https:\/\/jdnicolas.de\/fatcatswing\/index.php\/wp-json\/wp\/v2\/comments?post=55"}],"version-history":[{"count":13,"href":"https:\/\/jdnicolas.de\/fatcatswing\/index.php\/wp-json\/wp\/v2\/pages\/55\/revisions"}],"predecessor-version":[{"id":143,"href":"https:\/\/jdnicolas.de\/fatcatswing\/index.php\/wp-json\/wp\/v2\/pages\/55\/revisions\/143"}],"wp:attachment":[{"href":"https:\/\/jdnicolas.de\/fatcatswing\/index.php\/wp-json\/wp\/v2\/media?parent=55"}],"curies":[{"name":"wp","href":"https:\/\/api.w.org\/{rel}","templated":true}]}}