{"id":45,"date":"2023-10-23T16:58:40","date_gmt":"2023-10-23T16:58:40","guid":{"rendered":"https:\/\/jdnicolas.de\/fatcatswing\/?page_id=45"},"modified":"2025-11-10T17:09:38","modified_gmt":"2025-11-10T16:09:38","slug":"kurse","status":"publish","type":"page","link":"https:\/\/jdnicolas.de\/fatcatswing\/index.php\/kurse\/","title":{"rendered":"Kurse"},"content":{"rendered":"\n<p class=\"has-light-green-cyan-background-color has-background\"><strong>Das Wichtigste in K\u00fcrze:<\/strong><br>Kursblock: In der Regel 5 Termine (keine Kurse in den Schulferien, siehe Kalender).<br>Anmeldung: <a href=\"https:\/\/docs.google.com\/forms\/d\/e\/1FAIpQLSfBWBOgF80rcGsLGkTpfnJKW8kb0trCx8YC_dLB7CWX4J11wA\/viewform?usp=sharing&amp;ouid=110693948191078339698\" target=\"_blank\" rel=\"noreferrer noopener\">\u00dcber unser Anmeldeformular<\/a>. <br>Teilnahmegeb\u00fchr: 15 bis 25 \u20ac nach eigenem Ermessen.<br>Zeiten: Immer montags, Fortgeschrittene um 19 Uhr, Einsteiger um 20 Uhr.<\/p>\n\n\n\n<h2 class=\"wp-block-heading has-large-font-size\">Einsteiger*innen, montags von 20:00 bis 20:45 Uhr<\/h2>\n\n\n\n<div class=\"wp-block-columns is-layout-flex wp-container-core-columns-is-layout-28f84493 wp-block-columns-is-layout-flex\">\n<div class=\"wp-block-column is-layout-flow wp-block-column-is-layout-flow\" style=\"flex-basis:100%\">\n<p>In diesem Kurs lernt ihr die Basics, die jede Lindyhopperin und jeder Lindyhopper kennen sollte. <strong>Jede*r ist in diesem Kurs herzlich willkommen<\/strong>!<\/p>\n<\/div>\n<\/div>\n\n\n\n<h2 class=\"wp-block-heading has-large-font-size\">Fortgeschrittene, montags von 19:00 bis 19:45 Uhr<\/h2>\n\n\n\n<p>Wenn ihr bereits den Send Out, Tuck Turn und Swing Out kennt und wisst, wann ihr einen 6-count oder 8-count tanzt, dann seid ihr in diesem Kurs goldrichtig. Hier erweitert ihr euer Vokabular an Moves, probiert neue Rhythmen aus und lernt, auch zu schnellerer Musik zu tanzen.<\/p>\n\n\n\n<h2 class=\"wp-block-heading has-large-font-size\">Anmeldung<\/h2>\n\n\n\n<p>Ihr k\u00f6nnt euch immer f\u00fcr einen Kursblock anmelden. Ein Kursblock besteht aus 5 Terminen, in denen wir einen bestimmten Move, Rhythmus oder ein Thema genauer beleuchten. Meldet euch bis Freitag vor Kursstart \u00fcber unser <a href=\"https:\/\/docs.google.com\/forms\/d\/e\/1FAIpQLSfBWBOgF80rcGsLGkTpfnJKW8kb0trCx8YC_dLB7CWX4J11wA\/viewform?usp=sharing&amp;ouid=110693948191078339698\">Anmeldeformular <\/a>an! Ihr erhaltet vor Kursstart eine Anmeldebest\u00e4tigung per E-Mail mit allen wichtigen Infos zum Kurs. Wenn ihr erstmal reinschnuppern m\u00f6chtet, k\u00f6nnt ihr zu einem unserer Schnuppertermine kommen (siehe Kalender) oder einfach bei Start eines neuen Kursblocks vorbeikommen.<\/p>\n\n\n\n<div class=\"wp-block-group has-global-padding is-layout-constrained wp-block-group-is-layout-constrained\"><\/div>\n\n\n\n<p><\/p>\n","protected":false},"excerpt":{"rendered":"<p>Das Wichtigste in K\u00fcrze:Kursblock: In der Regel 5 Termine (keine Kurse in den Schulferien, siehe Kalender).Anmeldung: \u00dcber unser Anmeldeformular. Teilnahmegeb\u00fchr: 15 bis 25 \u20ac nach eigenem Ermessen.Zeiten: Immer montags, Fortgeschrittene um 19 Uhr, Einsteiger um 20 Uhr. Einsteiger*innen, montags von 20:00 bis 20:45 Uhr In diesem Kurs lernt ihr die Basics, die jede Lindyhopperin und [&hellip;]<\/p>\n","protected":false},"author":1,"featured_media":0,"parent":0,"menu_order":0,"comment_status":"closed","ping_status":"closed","template":"","meta":{"footnotes":"[]"},"class_list":["post-45","page","type-page","status-publish","hentry"],"_links":{"self":[{"href":"https:\/\/jdnicolas.de\/fatcatswing\/index.php\/wp-json\/wp\/v2\/pages\/45","targetHints":{"allow":["GET"]}}],"collection":[{"href":"https:\/\/jdnicolas.de\/fatcatswing\/index.php\/wp-json\/wp\/v2\/pages"}],"about":[{"href":"https:\/\/jdnicolas.de\/fatcatswing\/index.php\/wp-json\/wp\/v2\/types\/page"}],"author":[{"embeddable":true,"href":"https:\/\/jdnicolas.de\/fatcatswing\/index.php\/wp-json\/wp\/v2\/users\/1"}],"replies":[{"embeddable":true,"href":"https:\/\/jdnicolas.de\/fatcatswing\/index.php\/wp-json\/wp\/v2\/comments?post=45"}],"version-history":[{"count":26,"href":"https:\/\/jdnicolas.de\/fatcatswing\/index.php\/wp-json\/wp\/v2\/pages\/45\/revisions"}],"predecessor-version":[{"id":218,"href":"https:\/\/jdnicolas.de\/fatcatswing\/index.php\/wp-json\/wp\/v2\/pages\/45\/revisions\/218"}],"wp:attachment":[{"href":"https:\/\/jdnicolas.de\/fatcatswing\/index.php\/wp-json\/wp\/v2\/media?parent=45"}],"curies":[{"name":"wp","href":"https:\/\/api.w.org\/{rel}","templated":true}]}}