{"id":41,"date":"2023-10-23T15:40:17","date_gmt":"2023-10-23T15:40:17","guid":{"rendered":"https:\/\/jdnicolas.de\/fatcatswing\/?page_id=41"},"modified":"2023-11-02T17:34:37","modified_gmt":"2023-11-02T17:34:37","slug":"unser-code-of-conduct","status":"publish","type":"page","link":"https:\/\/jdnicolas.de\/fatcatswing\/index.php\/unser-code-of-conduct\/","title":{"rendered":"Unser Code of Conduct"},"content":{"rendered":"\n<h3 class=\"wp-block-heading has-medium-font-size\">F\u00fcr ein wunderbares Tanzgef\u00fchl.<\/h3>\n\n\n\n<ul class=\"wp-block-list\">\n<li>Wenn ihr tanzen m\u00f6chtet, ergreift selbst die Initiative und ladet eine Person zu einem Tanz ein. Respektiert bitte, dass ein<em>e jede<\/em>r dabei auch das Recht hat, diese Einladung abzulehnen- ganz egal, was der Grund daf\u00fcr sein mag. No hard feelings!<\/li>\n\n\n\n<li>Nicht jede Person mag jede Art von Tanzstil und\/oder Connection gleich gerne. Besonders sehr nahe zusammen (wie z.B. Close-embrace beim Blues) ist nicht f\u00fcr jeden immer angenehm. Achtet bitte darauf dass sich eure Tanzpartner*in wohl f\u00fchlt und fragt im Zweifel nach ob alles passt.<\/li>\n\n\n\n<li>Einige der R\u00e4umlichkeiten, in denen wir tanzen werden, sind relativ klein; achtet also bitte auf einander und tragt, wenn m\u00f6glich, keine spitzen oder scharfkantigen Abs\u00e4tze. Sollte es dennoch passieren, dass es kleinere Zusammenst\u00f6\u00dfe gibt, entschuldigt euch bitte und verst\u00e4ndigt euch mit der jeweiligen Person, ob alles okay ist.<\/li>\n\n\n\n<li>Ein jeder von uns hat seinen ganz eigenen, pers\u00f6nlichen Tanzstil. Wenn ihr nicht ausdr\u00fccklich von eurem Tanzpartner nach Feedback gefragt werdet, unterlasst es bitte, andere Personen wegen ihres Tanzstils zu kritisieren oder zu korrigieren. Ausnahmen sind nat\u00fcrlich gef\u00e4hrliche Man\u00f6ver oder eine unangenehme oder gar schmerzhafte Connection, da ist R\u00fcckmeldung erw\u00fcnscht und n\u00f6tig. Ihr sollt euch schlie\u00dflich wohlf\u00fchlen!<\/li>\n\n\n\n<li>Verzichtet aus diesem Grund bitte auch au\u00dferhalb von Jam-Circles und Vorf\u00fchrungen auf Aerials! Selbst wenn ihr mit eurem Partner vertraut seid und schon Aerials ge\u00fcbt habt, ist es bei einem Social Dance unvorhersehbar, wer aus Versehen in eure Flugbahn geraten k\u00f6nnte.<\/li>\n\n\n\n<li>Wo viele Menschen ausgelassen tanzen, wird es oft feucht-fr\u00f6hlich warm. \u00dcberlegt euch, ob ihr Wechselkleidung ben\u00f6tigt.<\/li>\n\n\n\n<li>Wir sind alle hier, um Spa\u00df zu haben. Genie\u00dft den Abend und tut euer M\u00f6glichstes, dass andere sich ebenso wohlf\u00fchlen und Spa\u00df haben k\u00f6nnen. Sollte es dennoch irgendetwas geben, dass sich nicht richtig anf\u00fchlt, wendet euch bitte an das FatCatSwing-Team.<\/li>\n<\/ul>\n","protected":false},"excerpt":{"rendered":"<p>F\u00fcr ein wunderbares Tanzgef\u00fchl.<\/p>\n","protected":false},"author":1,"featured_media":0,"parent":0,"menu_order":0,"comment_status":"closed","ping_status":"closed","template":"","meta":{"footnotes":""},"class_list":["post-41","page","type-page","status-publish","hentry"],"_links":{"self":[{"href":"https:\/\/jdnicolas.de\/fatcatswing\/index.php\/wp-json\/wp\/v2\/pages\/41","targetHints":{"allow":["GET"]}}],"collection":[{"href":"https:\/\/jdnicolas.de\/fatcatswing\/index.php\/wp-json\/wp\/v2\/pages"}],"about":[{"href":"https:\/\/jdnicolas.de\/fatcatswing\/index.php\/wp-json\/wp\/v2\/types\/page"}],"author":[{"embeddable":true,"href":"https:\/\/jdnicolas.de\/fatcatswing\/index.php\/wp-json\/wp\/v2\/users\/1"}],"replies":[{"embeddable":true,"href":"https:\/\/jdnicolas.de\/fatcatswing\/index.php\/wp-json\/wp\/v2\/comments?post=41"}],"version-history":[{"count":1,"href":"https:\/\/jdnicolas.de\/fatcatswing\/index.php\/wp-json\/wp\/v2\/pages\/41\/revisions"}],"predecessor-version":[{"id":42,"href":"https:\/\/jdnicolas.de\/fatcatswing\/index.php\/wp-json\/wp\/v2\/pages\/41\/revisions\/42"}],"wp:attachment":[{"href":"https:\/\/jdnicolas.de\/fatcatswing\/index.php\/wp-json\/wp\/v2\/media?parent=41"}],"curies":[{"name":"wp","href":"https:\/\/api.w.org\/{rel}","templated":true}]}}